e 6) to base 7
6236632
490ee (base 15) to base 12
b2a8b
Convert -3331223 (base 6) to base 4.
-220320333
Convert 215180 (base 9) to base 14.
34b57
-2b5a3 (base 13) to base 7
-461563
Convert -13117 (base 10) to base 9.
-18884
Convert -13728760 (base 9) to base 10.
-6810210
122000111022220 (base 3) to base 13
1b4880a
What is -1231062 (base 8) in base 5?
-41344110
2003411 (base 7) to base 8
715763
Convert 130411 (base 5) to base 14.
1c0a
What is 11100011110010000010 (base 2) in base 12?
38bb16
Convert 300302103 (base 4) to base 12.
97783
-3416066 (base 10) to base 8
-15020002
Convert -8405888 (base 9) to base 10.
-4492097
What is -2304100423 (base 5) in base 7?
-61502454
127a8 (base 12) to base 2
110001011110000
-23213210310 (base 4) to base 7
-34613355
-6b177 (base 16) to base 4
-1223011313
33131430 (base 7) to base 3
12100200220220
What is -30025541 (base 7) in base 9?
-4585338
Convert -533760 (base 10) to base 6.
-15235040
-114598 (base 11) to base 13
-64941
What is 31075 (base 9) in base 16?
5000
What is 331703 (base 14) in base 12?
6b6973
What is 24412 (base 13) in base 16?
10429
2187143 (base 9) to base 6
41141150
-10000111000100000110110 (base 2) to base 15
-5c6522
What is -874b65 (base 12) in base 15?
-2c558b
What is -1962a7 (base 11) in base 13?
-a7107
What is -4fb76 (base 16) in base 6?
-10555354
-6357716 (base 9) to base 14
-6488b1
113601 (base 8) to base 2
1001011110000001
Convert 3231020 (base 5) to base 2.
1101011101011111
What is 1048083 (base 9) in base 8?
2114610
Convert 111052353 (base 6) to base 9.
3707606
What is -123102001211 (base 4) in base 5?
-3312323332
-270824 (base 9) to base 10
-164695
Convert 3185662 (base 10) to base 9.
5884814
Convert 145335 (base 12) to base 4.
1103032121
Convert 1212320011 (base 4) to base 9.
712021
Convert 1306632 (base 7) to base 14.
46189
What is -111100020 (base 5) in base 10?
-487510
Convert 28840a (base 12) to base 3.
1021102222201
Convert -233558 (base 15) to base 3.
-10011110012202
134042221 (base 5) to base 3
1022001221002
Convert -5765317 (base 8) to base 7.
-16215536
Convert -1a9fd2 (base 16) to base 7.
-20555012
35403310 (base 6) to base 14
20a974
What is 20110112102202 (base 3) in base 12?
1198085
-ab255 (base 16) to base 8
-2531125
Convert 73b974 (base 12) to base 14.
356c40
ab13 (base 16) to base 6
534431
-4136630 (base 8) to base 3
-2001201221210
Convert -2f60f (base 16) to base 7.
-1435532
What is -213031000 (base 4) in base 16?
-27340
-21060 (base 13) to base 12
-2a459
What is -11210010230 (base 4) in base 16?
-16412c
Convert 12141745 (base 9) to base 7.
101265602
Convert -35b3b (base 14) to base 6.
-2451145
4040024 (base 6) to base 9
322117
Convert -110100000111111111101 (base 2) to base 15.
-23b139
-821662 (base 9) to base 6
-14233345
What is 201332 (base 8) in base 11?
45872
What is 16587 (base 13) in base 12?
20863
1122234241 (base 6) to base 3
212101112222121
Convert 413373 (base 8) to base 10.
136955
What is -1110401143 (base 5) in base 9?
-4520513
Convert -1111101011100001101111 (base 2) to base 7.
-46636545
What is 215903 (base 10) in base 5?
23402103
-ad01b2 (base 16) to base 2
-101011010000000110110010
607e9 (base 16) to base 8
1403751
-1444115 (base 6) to base 5
-10140410
2762832 (base 9) to base 10
1517726
What is -10100110111011101001 (base 2) in base 7?
-5545310
What is -54154104 (base 6) in base 10?
-1601464
Convert 1312134 (base 5) to base 11.
18523
Convert 1313301110 (base 4) to base 2.
1110111110001010100
What is 10024340 (base 5) in base 13?
2a527
Convert 42025244 (base 6) to base 12.
4a8224
What is 88cb (base 16) in base 11?
24346
-4226 (base 8) to base 5
-32243
-166217 (base 8) to base 10
-60559
Convert 112310332 (base 4) to base 9.
152231
-3644188 (base 9) to base 4
-13202321102
What is 260066a (base 11) in base 3?
22111010212120
Convert 767716 (base 8) to base 5.
31223443
What is -da4759 (base 14) in base 9?
-14810751
What is 1253530 (base 10) in base 5?
310103110
What is -1131160 (base 10) in base 16?
-114298
What is 289998 (base 12) in base 16?
a6244
-13711666 (base 8) to base 15
-418cc1
Convert 2264104 (base 7) to base 5.
33102433
What is -266488 (base 13) in base 6?
-31515534
Convert -126a1 (base 11) to base 2.
-100011011011100
Convert 306460 (base 10) to base 14.
7d980
What is 2103202002 (base 4) in base 2?
10010011100010000010
-31691a0 (base 13) to base 5
-12322340113
Convert -11522300 (base 6) to base 14.
-9848c
Convert -13101231100 (base 4) to base 5.
-442020121
Convert 221200122022100 (base 3) to base 10.
13652937
Convert -2201122111200 (base 3) to base 12.
-59aa99
-588029 (base 11) to base 15
-1366e2
56223 (base 10) to base 12
28653
-173380 (base 9) to base 8
-321726
-620041 (base 15) to base 14
-89350d
104510233 (base 6) to base 13
519a17
-b7ee95 (base 15) to base 4
-201122030120
13421104143 (base 5) to base 7
300404063
-66da (base 15) to base 4
-11110231
Convert 110001110001101110101 (base 2) to base 9.
3055385
Convert -6177745 (base 8) to base 4.
-12033333211
Convert 32140324 (base 5) to base 4.
1002033223
What is -a767b (base 15) in base 12?
-2175a5
What is 10c66 (base 13) in base 16?
77d1
What is 2574533 (base 10) in base 6?
131103045
What is 4245242 (base 7) in base 16?
7de49
What is 3393633 (base 10) in base 14?
644a65
What is 118628 (base 10) in base 9?
200648
Convert 150573 (base 10) to base 15.
2e933
Convert -96de4 (base 16) to base 14.
-1212ba
Convert -111112221200202 (base 3) to base 11.
-407a816
Convert -110101011001011 (base 2) to base 11.
-195a4
Convert 192b0d3 (base 15) to base 3.
1021112222002100
506361 (base 10) to base 12
205049
Convert 2021511 (base 6) to base 3.
11220002221
What is -12800 (base 13) in base 3?
-1202001122
Convert -202211112021 (base 3) to base 13.
-11486b
What is -69234 (base 11) in base 10?
-100104
11170319 (base 10) to base 16
aa720f
What is -428197 (base 11) in base 14?
-13b58d
-1077ea4 (base 15) to base 5
-11003200204
-11000120122202 (base 3) to base 2
-1000001001110001011010
What is -75271 (base 8) in base 13?
-113b9
Convert 2dd07c (base 15) to base 9.
4154410
-33250637 (base 8) to base 6
-413320051
Convert -100411 (base 11) to base 10.
-161547
Convert 1111033003 (base 4) to base 15.
6d69d
What is -1a0b367 (base 12) in base 2?
-10100111101010000111111
-846545 (base 9) to base 13
-148205
What is 32542301 (base 7) in base 10?
2800400
-11302541 (base 6) to base 11
-21a419
Convert 224104242 (base 5) to base 8.
3650261
What is -ab95da (base 15) in base 14?
-112dc82
Convert -50245 (base 14) to base 13.
-69833
What is 181412a (base 11) in base 9?
5714068
Convert -1bb927 (base 12) to base 5.
-111403023
What is -1023331 (base 5) in base 2?
-100001110111101
1223536 (base 8) to base 7
2604501
-501a56 (base 12) to base 6
-42422550
What is d2b99 (base 14) in base 2?
1111011110100110011
2d0df (base 16) to base 3
100101010221
What is -563119 (base 11) in base 3?
-1200120202221
Convert -45235 (base 11) to base 9.
-108756
67665 (base 8) to base 3
1110020011
What is -3154518 (base 10) in base 3?
-12221021012000
What is 856c9 (base 13) in base 8?
726014
Convert -5571467 (base 8) to base 5.
-341112210
Convert -a964a (base 14) to base 7.
-3325423
674e8d (base 15) to base 13
1036a35
Convert 123221023 (base 4) to base 16.
1ba4b
What is 1100000101120 (base 3) in base 16?
ad109
42252 (base 12) to base 16
152de
What is 6dcccd (base 14) in base 12?
1314b85
What is -111040311 (base 5) in base 8?
-1667054
Convert 253440 (base 6) to base 2.
101100101000000
-46032510 (base 7) to base 4
-33102210033
What is -1021321300 (base 4) in base 15?
-5ea54
Convert -2041302 (base 5) to base 15.
-a0d7
Convert -33a27 (base 15) to base 9.
-270321
2221100110102 (base 3) to base 12
633a25
Convert -4289 (base 12) to base 4.
-1302021
What is -5663643 (base 8) in base 11?
-958458
What is -131417 (base 11) in base 13?
-73193
What is -130303344 (base 5) in base 13?
-192c67
-276688 (base 10) to base 2
-1000011100011010000
What is 1444142 (base 7) in base 15?
3d0c2
Convert 1001021202211 (base 3) to base 7.
4506202
a40073 (base 14) to base 13
11b8c9b
Convert 22000211220012 (base 3) to base 6.
231252135
112121211 (base 5) to base 13
148870
What is -214510412 (base 6) in base 12?
-1365408
-22220100122 (base 3) to base 4
-222301310
Convert -728883 (base 9) to 